45.94.31.76 - - [21/Mar/2026:20:15:44 +0100] "GET /wp-content/plugins/apikey/apikey.php.suspected?test=hello HTTP/1.0" 404 4387 "-" "Mozlila/5.0 (Linux; Android 7.0; SM-G892A Bulid/NRD90M; wv) AppleWebKit/537.36 (KHTML, like Gecko) Version/4.0 Chrome/60.0.3112.107 Moblie Safari/537.36"
45.94.31.76 - - [21/Mar/2026:20:15:44 +0100] "GET /plugins/content/apismtp/apismtp.php.suspected?test=hello HTTP/1.0" 404 4387 "-" "Mozlila/5.0 (Linux; Android 7.0; SM-G892A Bulid/NRD90M; wv) AppleWebKit/537.36 (KHTML, like Gecko) Version/4.0 Chrome/60.0.3112.107 Moblie Safari/537.36"
185.191.171.7 - - [21/Mar/2026:20:45:24 +0100] "GET /robots.txt HTTP/1.0" 404 4387 "-" "Mozilla/5.0 (compatible; SemrushBot/7~bl; +http://www.semrush.com/bot.html)"
85.208.96.211 - - [21/Mar/2026:20:45:24 +0100] "GET / HTTP/1.0" 200 15231 "-" "Mozilla/5.0 (compatible; SemrushBot/7~bl; +http://www.semrush.com/bot.html)"
74.7.230.0 - - [21/Mar/2026:21:01:18 +0100] "GET /robots.txt HTTP/1.0" 404 4387 "-" "Mozilla/5.0 (Macintosh; Intel Mac OS X 10_15_7) AppleWebKit/537.36 (KHTML, like Gecko) Chrome/131.0.0.0 Safari/537.36; compatible; OAI-SearchBot/1.3; robots.txt; +https://openai.com/searchbot"
216.73.216.179 - - [21/Mar/2026:21:03:24 +0100] "GET /robots.txt HTTP/1.0" 404 4387 "-" "Mozilla/5.0 AppleWebKit/537.36 (KHTML, like Gecko; compatible; ClaudeBot/1.0; +claudebot@anthropic.com)"
74.7.230.0 - - [21/Mar/2026:21:07:07 +0100] "GET /robots.txt HTTP/1.0" 404 4387 "-" "Mozilla/5.0 (Macintosh; Intel Mac OS X 10_15_7) AppleWebKit/537.36 (KHTML, like Gecko) Chrome/131.0.0.0 Safari/537.36; compatible; OAI-SearchBot/1.3; robots.txt; +https://openai.com/searchbot"
74.7.230.0 - - [21/Mar/2026:21:13:27 +0100] "GET /robots.txt HTTP/1.0" 404 4387 "-" "Mozilla/5.0 (Macintosh; Intel Mac OS X 10_15_7) AppleWebKit/537.36 (KHTML, like Gecko) Chrome/131.0.0.0 Safari/537.36; compatible; OAI-SearchBot/1.3; robots.txt; +https://openai.com/searchbot"
74.7.230.0 - - [21/Mar/2026:21:19:02 +0100] "GET /robots.txt HTTP/1.0" 404 4387 "-" "Mozilla/5.0 (Macintosh; Intel Mac OS X 10_15_7) AppleWebKit/537.36 (KHTML, like Gecko) Chrome/131.0.0.0 Safari/537.36; compatible; OAI-SearchBot/1.3; robots.txt; +https://openai.com/searchbot"
74.7.230.0 - - [21/Mar/2026:21:24:37 +0100] "GET /robots.txt HTTP/1.0" 404 4387 "-" "Mozilla/5.0 (Macintosh; Intel Mac OS X 10_15_7) AppleWebKit/537.36 (KHTML, like Gecko) Chrome/131.0.0.0 Safari/537.36; compatible; OAI-SearchBot/1.3; robots.txt; +https://openai.com/searchbot"
74.7.230.0 - - [21/Mar/2026:21:30:17 +0100] "GET /robots.txt HTTP/1.0" 404 4387 "-" "Mozilla/5.0 (Macintosh; Intel Mac OS X 10_15_7) AppleWebKit/537.36 (KHTML, like Gecko) Chrome/131.0.0.0 Safari/537.36; compatible; OAI-SearchBot/1.3; robots.txt; +https://openai.com/searchbot"
74.7.230.0 - - [21/Mar/2026:21:35:18 +0100] "GET /robots.txt HTTP/1.0" 404 4387 "-" "Mozilla/5.0 (Macintosh; Intel Mac OS X 10_15_7) AppleWebKit/537.36 (KHTML, like Gecko) Chrome/131.0.0.0 Safari/537.36; compatible; OAI-SearchBot/1.3; robots.txt; +https://openai.com/searchbot"
74.7.230.0 - - [21/Mar/2026:21:40:44 +0100] "GET /robots.txt HTTP/1.0" 404 4387 "-" "Mozilla/5.0 (Macintosh; Intel Mac OS X 10_15_7) AppleWebKit/537.36 (KHTML, like Gecko) Chrome/131.0.0.0 Safari/537.36; compatible; OAI-SearchBot/1.3; robots.txt; +https://openai.com/searchbot"
74.7.230.0 - - [21/Mar/2026:21:46:18 +0100] "GET /robots.txt HTTP/1.0" 404 4387 "-" "Mozilla/5.0 (Macintosh; Intel Mac OS X 10_15_7) AppleWebKit/537.36 (KHTML, like Gecko) Chrome/131.0.0.0 Safari/537.36; compatible; OAI-SearchBot/1.3; robots.txt; +https://openai.com/searchbot"
74.125.208.40 - - [21/Mar/2026:21:48:27 +0100] "GET /.well-known/traffic-advice HTTP/1.0" 404 4387 "-" "Chrome Privacy Preserving Prefetch Proxy"
72.14.201.38 - - [21/Mar/2026:21:48:27 +0100] "GET / HTTP/1.0" 200 15231 "https://www.google.com/" "Mozilla/5.0 (Windows NT 10.0; Win64; x64) AppleWebKit/537.36 (KHTML, like Gecko) Chrome/146.0.0.0 Safari/537.36"
162.120.187.94 - - [21/Mar/2026:21:48:29 +0100] "GET /public/privacidad.html HTTP/1.0" 200 3572 "https://www.google.com/" "Mozilla/5.0 (Windows NT 10.0; Win64; x64) AppleWebKit/537.36 (KHTML, like Gecko) Chrome/146.0.0.0 Safari/537.36"
74.7.230.0 - - [21/Mar/2026:21:51:33 +0100] "GET /robots.txt HTTP/1.0" 404 4387 "-" "Mozilla/5.0 (Macintosh; Intel Mac OS X 10_15_7) AppleWebKit/537.36 (KHTML, like Gecko) Chrome/131.0.0.0 Safari/537.36; compatible; OAI-SearchBot/1.3; robots.txt; +https://openai.com/searchbot"
52.167.144.215 - - [21/Mar/2026:21:52:13 +0100] "GET /store/logos/1727880159-logocrnav1.png HTTP/1.0" 200 3587 "-" "Mozilla/5.0 AppleWebKit/537.36 (KHTML, like Gecko; compatible; bingbot/2.0; +http://www.bing.com/bingbot.htm) Chrome/116.0.1938.76 Safari/537.36"
117.62.235.53 - - [21/Mar/2026:22:01:40 +0100] "GET / HTTP/1.0" 200 15231 "http://lahuertaatomica.es" "Mozilla/5.0 (iPhone; CPU iPhone OS 13_2_3 like Mac OS X) AppleWebKit/605.1.15 (KHTML, like Gecko) Version/13.0.3 Mobile/15E148 Safari/604.1"
74.7.230.0 - - [21/Mar/2026:22:01:48 +0100] "GET /robots.txt HTTP/1.0" 404 4387 "-" "Mozilla/5.0 (Macintosh; Intel Mac OS X 10_15_7) AppleWebKit/537.36 (KHTML, like Gecko) Chrome/131.0.0.0 Safari/537.36; compatible; OAI-SearchBot/1.3; robots.txt; +https://openai.com/searchbot"
74.7.230.0 - - [21/Mar/2026:22:07:23 +0100] "GET /robots.txt HTTP/1.0" 404 4387 "-" "Mozilla/5.0 (Macintosh; Intel Mac OS X 10_15_7) AppleWebKit/537.36 (KHTML, like Gecko) Chrome/131.0.0.0 Safari/537.36; compatible; OAI-SearchBot/1.3; robots.txt; +https://openai.com/searchbot"
196.51.187.81 - - [21/Mar/2026:22:12:58 +0100] "GET / HTTP/1.0" 200 15231 "-" "Mozilla/5.0 (Macintosh; Intel Mac OS X 12_5) AppleWebKit/537.36 (KHTML, like Gecko) Chrome/114.0.0.0 Safari/537.36 OPR/89.0.4447.51"
196.51.187.81 - - [21/Mar/2026:22:13:00 +0100] "GET / HTTP/1.0" 200 15231 "https://www.lahuertaatomica.es/" "Mozilla/5.0 (Macintosh; Intel Mac OS X 12_5) AppleWebKit/537.36 (KHTML, like Gecko) Chrome/114.0.0.0 Safari/537.36 OPR/89.0.4447.51"
196.51.187.81 - - [21/Mar/2026:22:13:01 +0100] "GET /proyectos/app_subastas/ HTTP/1.0" 404 4387 "https://www.lahuertaatomica.es/" "Mozilla/5.0 (Macintosh; Intel Mac OS X 12_5) AppleWebKit/537.36 (KHTML, like Gecko) Chrome/114.0.0.0 Safari/537.36 OPR/89.0.4447.51"
196.51.187.81 - - [21/Mar/2026:22:13:02 +0100] "GET /public/privacidad.html HTTP/1.0" 200 3572 "https://www.lahuertaatomica.es/" "Mozilla/5.0 (Macintosh; Intel Mac OS X 12_5) AppleWebKit/537.36 (KHTML, like Gecko) Chrome/114.0.0.0 Safari/537.36 OPR/89.0.4447.51"
196.51.187.81 - - [21/Mar/2026:22:13:03 +0100] "GET /proyectos/app_subastas/dashboard HTTP/1.0" 404 4387 "https://www.lahuertaatomica.es/" "Mozilla/5.0 (Macintosh; Intel Mac OS X 12_5) AppleWebKit/537.36 (KHTML, like Gecko) Chrome/114.0.0.0 Safari/537.36 OPR/89.0.4447.51"
196.51.187.81 - - [21/Mar/2026:22:13:05 +0100] "GET /proyectos/app_ticketing/ HTTP/1.0" 404 4387 "https://www.lahuertaatomica.es/" "Mozilla/5.0 (Macintosh; Intel Mac OS X 12_5) AppleWebKit/537.36 (KHTML, like Gecko) Chrome/114.0.0.0 Safari/537.36 OPR/89.0.4447.51"
196.51.187.81 - - [21/Mar/2026:22:13:06 +0100] "GET /proyectos/app_escuela/ HTTP/1.0" 404 4387 "https://www.lahuertaatomica.es/" "Mozilla/5.0 (Macintosh; Intel Mac OS X 12_5) AppleWebKit/537.36 (KHTML, like Gecko) Chrome/114.0.0.0 Safari/537.36 OPR/89.0.4447.51"
91.238.181.170 - - [21/Mar/2026:22:17:32 +0100] "GET / HTTP/1.0" 200 15231 "-" "Mozilla/5.0 (Windows NT 10.0; WOW64) AppleWebKit/537.36 (KHTML, like Gecko) Chrome/55.0.2883.87 Safari/537.36 OPR/42.0.2393.94"
91.238.181.170 - - [21/Mar/2026:22:17:33 +0100] "POST /module/aramexshipping/applyvalidation HTTP/1.0" 404 4387 "-" "Mozilla/5.0 (Windows NT 10.0; WOW64) AppleWebKit/537.36 (KHTML, like Gecko) Chrome/55.0.2883.87 Safari/537.36 OPR/42.0.2393.94"
91.238.181.170 - - [21/Mar/2026:22:17:33 +0100] "GET / HTTP/1.0" 200 15231 "-" "Mozilla/5.0 (Windows NT 10.0; WOW64) AppleWebKit/537.36 (KHTML, like Gecko) Chrome/55.0.2883.87 Safari/537.36 OPR/42.0.2393.94"
91.238.181.170 - - [21/Mar/2026:22:17:33 +0100] "POST /module/aramexshipping/applyvalidation HTTP/1.0" 404 4387 "-" "Mozilla/5.0 (Windows NT 10.0; WOW64) AppleWebKit/537.36 (KHTML, like Gecko) Chrome/55.0.2883.87 Safari/537.36 OPR/42.0.2393.94"
91.238.181.170 - - [21/Mar/2026:22:17:33 +0100] "GET / HTTP/1.0" 200 15231 "-" "Mozilla/5.0 (Windows NT 10.0; WOW64) AppleWebKit/537.36 (KHTML, like Gecko) Chrome/55.0.2883.87 Safari/537.36 OPR/42.0.2393.94"
91.238.181.170 - - [21/Mar/2026:22:17:34 +0100] "POST /module/aramexshipping/applyvalidation HTTP/1.0" 404 4387 "-" "Mozilla/5.0 (Windows NT 10.0; WOW64) AppleWebKit/537.36 (KHTML, like Gecko) Chrome/55.0.2883.87 Safari/537.36 OPR/42.0.2393.94"
91.238.181.170 - - [21/Mar/2026:22:17:34 +0100] "GET / HTTP/1.0" 200 15231 "-" "Mozilla/5.0 (Windows NT 10.0; WOW64) AppleWebKit/537.36 (KHTML, like Gecko) Chrome/55.0.2883.87 Safari/537.36 OPR/42.0.2393.94"
91.238.181.170 - - [21/Mar/2026:22:17:35 +0100] "POST /module/aramexshipping/applyvalidation HTTP/1.0" 404 4387 "-" "Mozilla/5.0 (Windows NT 10.0; WOW64) AppleWebKit/537.36 (KHTML, like Gecko) Chrome/55.0.2883.87 Safari/537.36 OPR/42.0.2393.94"
91.238.181.170 - - [21/Mar/2026:22:17:35 +0100] "GET / HTTP/1.0" 200 15231 "-" "Mozilla/5.0 (Windows NT 10.0; WOW64) AppleWebKit/537.36 (KHTML, like Gecko) Chrome/55.0.2883.87 Safari/537.36 OPR/42.0.2393.94"
91.238.181.170 - - [21/Mar/2026:22:17:37 +0100] "POST /module/aramexshipping/applyvalidation HTTP/1.0" 404 4387 "-" "Mozilla/5.0 (Windows NT 10.0; WOW64) AppleWebKit/537.36 (KHTML, like Gecko) Chrome/55.0.2883.87 Safari/537.36 OPR/42.0.2393.94"
91.238.181.170 - - [21/Mar/2026:22:17:37 +0100] "GET / HTTP/1.0" 200 15231 "-" "Mozilla/5.0 (Windows NT 10.0; WOW64) AppleWebKit/537.36 (KHTML, like Gecko) Chrome/55.0.2883.87 Safari/537.36 OPR/42.0.2393.94"
91.238.181.170 - - [21/Mar/2026:22:17:38 +0100] "POST /module/aramexshipping/applyvalidation HTTP/1.0" 404 4387 "-" "Mozilla/5.0 (Windows NT 10.0; WOW64) AppleWebKit/537.36 (KHTML, like Gecko) Chrome/55.0.2883.87 Safari/537.36 OPR/42.0.2393.94"
91.238.181.170 - - [21/Mar/2026:22:17:38 +0100] "GET / HTTP/1.0" 200 15231 "-" "Mozilla/5.0 (Windows NT 10.0; WOW64) AppleWebKit/537.36 (KHTML, like Gecko) Chrome/55.0.2883.87 Safari/537.36 OPR/42.0.2393.94"
91.238.181.170 - - [21/Mar/2026:22:17:38 +0100] "POST /module/aramexshipping/applyvalidation HTTP/1.0" 404 4387 "-" "Mozilla/5.0 (Windows NT 10.0; WOW64) AppleWebKit/537.36 (KHTML, like Gecko) Chrome/55.0.2883.87 Safari/537.36 OPR/42.0.2393.94"
91.238.181.170 - - [21/Mar/2026:22:17:39 +0100] "GET / HTTP/1.0" 200 15231 "-" "Mozilla/5.0 (Windows NT 10.0; WOW64) AppleWebKit/537.36 (KHTML, like Gecko) Chrome/55.0.2883.87 Safari/537.36 OPR/42.0.2393.94"
91.238.181.170 - - [21/Mar/2026:22:17:39 +0100] "POST /module/aramexshipping/applyvalidation HTTP/1.0" 404 4387 "-" "Mozilla/5.0 (Windows NT 10.0; WOW64) AppleWebKit/537.36 (KHTML, like Gecko) Chrome/55.0.2883.87 Safari/537.36 OPR/42.0.2393.94"
91.238.181.170 - - [21/Mar/2026:22:17:39 +0100] "GET / HTTP/1.0" 200 15231 "-" "Mozilla/5.0 (Windows NT 10.0; WOW64) AppleWebKit/537.36 (KHTML, like Gecko) Chrome/55.0.2883.87 Safari/537.36 OPR/42.0.2393.94"
91.238.181.170 - - [21/Mar/2026:22:17:40 +0100] "POST /module/aramexshipping/applyvalidation HTTP/1.0" 404 4387 "-" "Mozilla/5.0 (Windows NT 10.0; WOW64) AppleWebKit/537.36 (KHTML, like Gecko) Chrome/55.0.2883.87 Safari/537.36 OPR/42.0.2393.94"
91.238.181.170 - - [21/Mar/2026:22:17:40 +0100] "GET / HTTP/1.0" 200 15231 "-" "Mozilla/5.0 (Windows NT 10.0; WOW64) AppleWebKit/537.36 (KHTML, like Gecko) Chrome/55.0.2883.87 Safari/537.36 OPR/42.0.2393.94"
91.238.181.170 - - [21/Mar/2026:22:17:40 +0100] "POST /module/aramexshipping/applyvalidation HTTP/1.0" 404 4387 "-" "Mozilla/5.0 (Windows NT 10.0; WOW64) AppleWebKit/537.36 (KHTML, like Gecko) Chrome/55.0.2883.87 Safari/537.36 OPR/42.0.2393.94"
91.238.181.170 - - [21/Mar/2026:22:17:40 +0100] "GET / HTTP/1.0" 200 15231 "-" "Mozilla/5.0 (Windows NT 10.0; WOW64) AppleWebKit/537.36 (KHTML, like Gecko) Chrome/55.0.2883.87 Safari/537.36 OPR/42.0.2393.94"
91.238.181.170 - - [21/Mar/2026:22:17:41 +0100] "POST /module/aramexshipping/applyvalidation HTTP/1.0" 404 4387 "-" "Mozilla/5.0 (Windows NT 10.0; WOW64) AppleWebKit/537.36 (KHTML, like Gecko) Chrome/55.0.2883.87 Safari/537.36 OPR/42.0.2393.94"
91.238.181.170 - - [21/Mar/2026:22:17:42 +0100] "GET / HTTP/1.0" 200 15231 "-" "Mozilla/5.0 (Windows NT 10.0; WOW64) AppleWebKit/537.36 (KHTML, like Gecko) Chrome/55.0.2883.87 Safari/537.36 OPR/42.0.2393.94"
91.238.181.170 - - [21/Mar/2026:22:17:42 +0100] "POST /module/aramexshipping/applyvalidation HTTP/1.0" 404 4387 "-" "Mozilla/5.0 (Windows NT 10.0; WOW64) AppleWebKit/537.36 (KHTML, like Gecko) Chrome/55.0.2883.87 Safari/537.36 OPR/42.0.2393.94"
91.238.181.170 - - [21/Mar/2026:22:17:42 +0100] "GET / HTTP/1.0" 200 15231 "-" "Mozilla/5.0 (Windows NT 10.0; WOW64) AppleWebKit/537.36 (KHTML, like Gecko) Chrome/55.0.2883.87 Safari/537.36 OPR/42.0.2393.94"
91.238.181.170 - - [21/Mar/2026:22:17:43 +0100] "POST /module/aramexshipping/applyvalidation HTTP/1.0" 404 4387 "-" "Mozilla/5.0 (Windows NT 10.0; WOW64) AppleWebKit/537.36 (KHTML, like Gecko) Chrome/55.0.2883.87 Safari/537.36 OPR/42.0.2393.94"
91.238.181.170 - - [21/Mar/2026:22:17:43 +0100] "GET / HTTP/1.0" 200 15231 "-" "Mozilla/5.0 (Windows NT 10.0; WOW64) AppleWebKit/537.36 (KHTML, like Gecko) Chrome/55.0.2883.87 Safari/537.36 OPR/42.0.2393.94"
91.238.181.170 - - [21/Mar/2026:22:17:44 +0100] "POST /module/aramexshipping/applyvalidation HTTP/1.0" 404 4387 "-" "Mozilla/5.0 (Windows NT 10.0; WOW64) AppleWebKit/537.36 (KHTML, like Gecko) Chrome/55.0.2883.87 Safari/537.36 OPR/42.0.2393.94"
91.238.181.170 - - [21/Mar/2026:22:17:44 +0100] "GET / HTTP/1.0" 200 15231 "-" "Mozilla/5.0 (Windows NT 10.0; WOW64) AppleWebKit/537.36 (KHTML, like Gecko) Chrome/55.0.2883.87 Safari/537.36 OPR/42.0.2393.94"
91.238.181.170 - - [21/Mar/2026:22:17:45 +0100] "POST /module/aramexshipping/applyvalidation HTTP/1.0" 404 4387 "-" "Mozilla/5.0 (Windows NT 10.0; WOW64) AppleWebKit/537.36 (KHTML, like Gecko) Chrome/55.0.2883.87 Safari/537.36 OPR/42.0.2393.94"
91.238.181.170 - - [21/Mar/2026:22:17:45 +0100] "GET / HTTP/1.0" 200 15231 "-" "Mozilla/5.0 (Windows NT 10.0; WOW64) AppleWebKit/537.36 (KHTML, like Gecko) Chrome/55.0.2883.87 Safari/537.36 OPR/42.0.2393.94"
91.238.181.170 - - [21/Mar/2026:22:17:46 +0100] "POST /module/aramexshipping/applyvalidation HTTP/1.0" 404 4387 "-" "Mozilla/5.0 (Windows NT 10.0; WOW64) AppleWebKit/537.36 (KHTML, like Gecko) Chrome/55.0.2883.87 Safari/537.36 OPR/42.0.2393.94"
91.238.181.170 - - [21/Mar/2026:22:17:46 +0100] "GET / HTTP/1.0" 200 15231 "-" "Mozilla/5.0 (Windows NT 10.0; WOW64) AppleWebKit/537.36 (KHTML, like Gecko) Chrome/55.0.2883.87 Safari/537.36 OPR/42.0.2393.94"
91.238.181.170 - - [21/Mar/2026:22:17:46 +0100] "POST /module/aramexshipping/applyvalidation HTTP/1.0" 404 4387 "-" "Mozilla/5.0 (Windows NT 10.0; WOW64) AppleWebKit/537.36 (KHTML, like Gecko) Chrome/55.0.2883.87 Safari/537.36 OPR/42.0.2393.94"
91.238.181.170 - - [21/Mar/2026:22:17:46 +0100] "GET / HTTP/1.0" 200 15231 "-" "Mozilla/5.0 (Windows NT 10.0; WOW64) AppleWebKit/537.36 (KHTML, like Gecko) Chrome/55.0.2883.87 Safari/537.36 OPR/42.0.2393.94"
91.238.181.170 - - [21/Mar/2026:22:17:47 +0100] "POST /module/aramexshipping/applyvalidation HTTP/1.0" 404 4387 "-" "Mozilla/5.0 (Windows NT 10.0; WOW64) AppleWebKit/537.36 (KHTML, like Gecko) Chrome/55.0.2883.87 Safari/537.36 OPR/42.0.2393.94"
91.238.181.170 - - [21/Mar/2026:22:17:47 +0100] "GET / HTTP/1.0" 200 15231 "-" "Mozilla/5.0 (Windows NT 10.0; WOW64) AppleWebKit/537.36 (KHTML, like Gecko) Chrome/55.0.2883.87 Safari/537.36 OPR/42.0.2393.94"
91.238.181.170 - - [21/Mar/2026:22:17:48 +0100] "POST /module/aramexshipping/applyvalidation HTTP/1.0" 404 4387 "-" "Mozilla/5.0 (Windows NT 10.0; WOW64) AppleWebKit/537.36 (KHTML, like Gecko) Chrome/55.0.2883.87 Safari/537.36 OPR/42.0.2393.94"
91.238.181.170 - - [21/Mar/2026:22:17:48 +0100] "GET / HTTP/1.0" 200 15231 "-" "Mozilla/5.0 (Windows NT 10.0; WOW64) AppleWebKit/537.36 (KHTML, like Gecko) Chrome/55.0.2883.87 Safari/537.36 OPR/42.0.2393.94"
91.238.181.170 - - [21/Mar/2026:22:17:48 +0100] "POST /module/aramexshipping/applyvalidation HTTP/1.0" 404 4387 "-" "Mozilla/5.0 (Windows NT 10.0; WOW64) AppleWebKit/537.36 (KHTML, like Gecko) Chrome/55.0.2883.87 Safari/537.36 OPR/42.0.2393.94"
91.238.181.170 - - [21/Mar/2026:22:17:48 +0100] "GET / HTTP/1.0" 200 15231 "-" "Mozilla/5.0 (Windows NT 10.0; WOW64) AppleWebKit/537.36 (KHTML, like Gecko) Chrome/55.0.2883.87 Safari/537.36 OPR/42.0.2393.94"
91.238.181.170 - - [21/Mar/2026:22:17:49 +0100] "POST /module/aramexshipping/applyvalidation HTTP/1.0" 404 4387 "-" "Mozilla/5.0 (Windows NT 10.0; WOW64) AppleWebKit/537.36 (KHTML, like Gecko) Chrome/55.0.2883.87 Safari/537.36 OPR/42.0.2393.94"
91.238.181.170 - - [21/Mar/2026:22:17:49 +0100] "GET / HTTP/1.0" 200 15231 "-" "Mozilla/5.0 (Windows NT 10.0; WOW64) AppleWebKit/537.36 (KHTML, like Gecko) Chrome/55.0.2883.87 Safari/537.36 OPR/42.0.2393.94"
91.238.181.170 - - [21/Mar/2026:22:17:50 +0100] "POST /module/aramexshipping/applyvalidation HTTP/1.0" 404 4387 "-" "Mozilla/5.0 (Windows NT 10.0; WOW64) AppleWebKit/537.36 (KHTML, like Gecko) Chrome/55.0.2883.87 Safari/537.36 OPR/42.0.2393.94"
91.238.181.170 - - [21/Mar/2026:22:17:50 +0100] "GET / HTTP/1.0" 200 15231 "-" "Mozilla/5.0 (Windows NT 10.0; WOW64) AppleWebKit/537.36 (KHTML, like Gecko) Chrome/55.0.2883.87 Safari/537.36 OPR/42.0.2393.94"
91.238.181.170 - - [21/Mar/2026:22:17:50 +0100] "POST /module/aramexshipping/applyvalidation HTTP/1.0" 404 4387 "-" "Mozilla/5.0 (Windows NT 10.0; WOW64) AppleWebKit/537.36 (KHTML, like Gecko) Chrome/55.0.2883.87 Safari/537.36 OPR/42.0.2393.94"
91.238.181.170 - - [21/Mar/2026:22:17:50 +0100] "GET / HTTP/1.0" 200 15231 "-" "Mozilla/5.0 (Windows NT 10.0; WOW64) AppleWebKit/537.36 (KHTML, like Gecko) Chrome/55.0.2883.87 Safari/537.36 OPR/42.0.2393.94"
91.238.181.170 - - [21/Mar/2026:22:17:51 +0100] "POST /module/aramexshipping/applyvalidation HTTP/1.0" 404 4387 "-" "Mozilla/5.0 (Windows NT 10.0; WOW64) AppleWebKit/537.36 (KHTML, like Gecko) Chrome/55.0.2883.87 Safari/537.36 OPR/42.0.2393.94"
91.238.181.170 - - [21/Mar/2026:22:17:51 +0100] "GET / HTTP/1.0" 200 15231 "-" "Mozilla/5.0 (Windows NT 10.0; WOW64) AppleWebKit/537.36 (KHTML, like Gecko) Chrome/55.0.2883.87 Safari/537.36 OPR/42.0.2393.94"
91.238.181.170 - - [21/Mar/2026:22:17:52 +0100] "POST /module/aramexshipping/applyvalidation HTTP/1.0" 404 4387 "-" "Mozilla/5.0 (Windows NT 10.0; WOW64) AppleWebKit/537.36 (KHTML, like Gecko) Chrome/55.0.2883.87 Safari/537.36 OPR/42.0.2393.94"
91.238.181.170 - - [21/Mar/2026:22:17:52 +0100] "GET / HTTP/1.0" 200 15231 "-" "Mozilla/5.0 (Windows NT 10.0; WOW64) AppleWebKit/537.36 (KHTML, like Gecko) Chrome/55.0.2883.87 Safari/537.36 OPR/42.0.2393.94"
91.238.181.170 - - [21/Mar/2026:22:17:52 +0100] "POST /module/aramexshipping/applyvalidation HTTP/1.0" 404 4387 "-" "Mozilla/5.0 (Windows NT 10.0; WOW64) AppleWebKit/537.36 (KHTML, like Gecko) Chrome/55.0.2883.87 Safari/537.36 OPR/42.0.2393.94"
91.238.181.170 - - [21/Mar/2026:22:17:53 +0100] "GET / HTTP/1.0" 200 15231 "-" "Mozilla/5.0 (Windows NT 10.0; WOW64) AppleWebKit/537.36 (KHTML, like Gecko) Chrome/55.0.2883.87 Safari/537.36 OPR/42.0.2393.94"
91.238.181.170 - - [21/Mar/2026:22:17:53 +0100] "POST /module/aramexshipping/applyvalidation HTTP/1.0" 404 4387 "-" "Mozilla/5.0 (Windows NT 10.0; WOW64) AppleWebKit/537.36 (KHTML, like Gecko) Chrome/55.0.2883.87 Safari/537.36 OPR/42.0.2393.94"
91.238.181.170 - - [21/Mar/2026:22:17:53 +0100] "GET / HTTP/1.0" 200 15231 "-" "Mozilla/5.0 (Windows NT 10.0; WOW64) AppleWebKit/537.36 (KHTML, like Gecko) Chrome/55.0.2883.87 Safari/537.36 OPR/42.0.2393.94"
91.238.181.170 - - [21/Mar/2026:22:17:54 +0100] "POST /module/aramexshipping/applyvalidation HTTP/1.0" 404 4387 "-" "Mozilla/5.0 (Windows NT 10.0; WOW64) AppleWebKit/537.36 (KHTML, like Gecko) Chrome/55.0.2883.87 Safari/537.36 OPR/42.0.2393.94"
91.238.181.170 - - [21/Mar/2026:22:17:54 +0100] "GET / HTTP/1.0" 200 15231 "-" "Mozilla/5.0 (Windows NT 10.0; WOW64) AppleWebKit/537.36 (KHTML, like Gecko) Chrome/55.0.2883.87 Safari/537.36 OPR/42.0.2393.94"
91.238.181.170 - - [21/Mar/2026:22:17:54 +0100] "POST /module/aramexshipping/applyvalidation HTTP/1.0" 404 4387 "-" "Mozilla/5.0 (Windows NT 10.0; WOW64) AppleWebKit/537.36 (KHTML, like Gecko) Chrome/55.0.2883.87 Safari/537.36 OPR/42.0.2393.94"
91.238.181.170 - - [21/Mar/2026:22:17:55 +0100] "GET / HTTP/1.0" 200 15231 "-" "Mozilla/5.0 (Windows NT 10.0; WOW64) AppleWebKit/537.36 (KHTML, like Gecko) Chrome/55.0.2883.87 Safari/537.36 OPR/42.0.2393.94"
91.238.181.170 - - [21/Mar/2026:22:17:55 +0100] "POST /module/aramexshipping/applyvalidation HTTP/1.0" 404 4387 "-" "Mozilla/5.0 (Windows NT 10.0; WOW64) AppleWebKit/537.36 (KHTML, like Gecko) Chrome/55.0.2883.87 Safari/537.36 OPR/42.0.2393.94"
91.238.181.170 - - [21/Mar/2026:22:17:55 +0100] "GET / HTTP/1.0" 200 15231 "-" "Mozilla/5.0 (Windows NT 10.0; WOW64) AppleWebKit/537.36 (KHTML, like Gecko) Chrome/55.0.2883.87 Safari/537.36 OPR/42.0.2393.94"
91.238.181.170 - - [21/Mar/2026:22:17:56 +0100] "POST /module/aramexshipping/applyvalidation HTTP/1.0" 404 4387 "-" "Mozilla/5.0 (Windows NT 10.0; WOW64) AppleWebKit/537.36 (KHTML, like Gecko) Chrome/55.0.2883.87 Safari/537.36 OPR/42.0.2393.94"
91.238.181.170 - - [21/Mar/2026:22:17:56 +0100] "GET / HTTP/1.0" 200 15231 "-" "Mozilla/5.0 (Windows NT 10.0; WOW64) AppleWebKit/537.36 (KHTML, like Gecko) Chrome/55.0.2883.87 Safari/537.36 OPR/42.0.2393.94"
91.238.181.170 - - [21/Mar/2026:22:17:56 +0100] "POST /module/aramexshipping/applyvalidation HTTP/1.0" 404 4387 "-" "Mozilla/5.0 (Windows NT 10.0; WOW64) AppleWebKit/537.36 (KHTML, like Gecko) Chrome/55.0.2883.87 Safari/537.36 OPR/42.0.2393.94"
91.238.181.170 - - [21/Mar/2026:22:17:57 +0100] "GET / HTTP/1.0" 200 15231 "-" "Mozilla/5.0 (Windows NT 10.0; WOW64) AppleWebKit/537.36 (KHTML, like Gecko) Chrome/55.0.2883.87 Safari/537.36 OPR/42.0.2393.94"
91.238.181.170 - - [21/Mar/2026:22:17:57 +0100] "POST /module/aramexshipping/applyvalidation HTTP/1.0" 404 4387 "-" "Mozilla/5.0 (Windows NT 10.0; WOW64) AppleWebKit/537.36 (KHTML, like Gecko) Chrome/55.0.2883.87 Safari/537.36 OPR/42.0.2393.94"
91.238.181.170 - - [21/Mar/2026:22:17:57 +0100] "GET / HTTP/1.0" 200 15231 "-" "Mozilla/5.0 (Windows NT 10.0; WOW64) AppleWebKit/537.36 (KHTML, like Gecko) Chrome/55.0.2883.87 Safari/537.36 OPR/42.0.2393.94"
91.238.181.170 - - [21/Mar/2026:22:17:58 +0100] "POST /module/aramexshipping/applyvalidation HTTP/1.0" 404 4387 "-" "Mozilla/5.0 (Windows NT 10.0; WOW64) AppleWebKit/537.36 (KHTML, like Gecko) Chrome/55.0.2883.87 Safari/537.36 OPR/42.0.2393.94"
91.238.181.170 - - [21/Mar/2026:22:17:58 +0100] "GET / HTTP/1.0" 200 15231 "-" "Mozilla/5.0 (Windows NT 10.0; WOW64) AppleWebKit/537.36 (KHTML, like Gecko) Chrome/55.0.2883.87 Safari/537.36 OPR/42.0.2393.94"
91.238.181.170 - - [21/Mar/2026:22:17:58 +0100] "POST /module/aramexshipping/applyvalidation HTTP/1.0" 404 4387 "-" "Mozilla/5.0 (Windows NT 10.0; WOW64) AppleWebKit/537.36 (KHTML, like Gecko) Chrome/55.0.2883.87 Safari/537.36 OPR/42.0.2393.94"
91.238.181.170 - - [21/Mar/2026:22:17:58 +0100] "GET / HTTP/1.0" 200 15231 "-" "Mozilla/5.0 (Windows NT 10.0; WOW64) AppleWebKit/537.36 (KHTML, like Gecko) Chrome/55.0.2883.87 Safari/537.36 OPR/42.0.2393.94"
91.238.181.170 - - [21/Mar/2026:22:17:59 +0100] "POST /module/aramexshipping/applyvalidation HTTP/1.0" 404 4387 "-" "Mozilla/5.0 (Windows NT 10.0; WOW64) AppleWebKit/537.36 (KHTML, like Gecko) Chrome/55.0.2883.87 Safari/537.36 OPR/42.0.2393.94"
91.238.181.170 - - [21/Mar/2026:22:17:59 +0100] "GET / HTTP/1.0" 200 15231 "-" "Mozilla/5.0 (Windows NT 10.0; WOW64) AppleWebKit/537.36 (KHTML, like Gecko) Chrome/55.0.2883.87 Safari/537.36 OPR/42.0.2393.94"
74.7.230.0 - - [21/Mar/2026:22:19:07 +0100] "GET /robots.txt HTTP/1.0" 404 4387 "-" "Mozilla/5.0 (Macintosh; Intel Mac OS X 10_15_7) AppleWebKit/537.36 (KHTML, like Gecko) Chrome/131.0.0.0 Safari/537.36; compatible; OAI-SearchBot/1.3; robots.txt; +https://openai.com/searchbot"
223.64.18.125 - - [21/Mar/2026:22:22:11 +0100] "GET / HTTP/1.0" 200 15231 "https://www.lahuertaatomica.es/" "User-Agent:Mozilla/5.0 (Windows NT 6.1; WOW64) AppleWebKit/537.36 (KHTML, like Gecko) Chrome/50.0.2661.102 Safari/537.36"
74.7.230.0 - - [21/Mar/2026:22:24:17 +0100] "GET /robots.txt HTTP/1.0" 404 4387 "-" "Mozilla/5.0 (Macintosh; Intel Mac OS X 10_15_7) AppleWebKit/537.36 (KHTML, like Gecko) Chrome/131.0.0.0 Safari/537.36; compatible; OAI-SearchBot/1.3; robots.txt; +https://openai.com/searchbot"
221.178.143.70 - - [21/Mar/2026:22:27:42 +0100] "GET / HTTP/1.0" 200 15231 "-" "Mozilla/5.0 (Macintosh; Intel Mac OS X 10_11) AppleWebKit/601.1.27 (KHTML, like Gecko) Chrome/47.0.2526.106 Safari/601.1.27"
221.178.143.70 - - [21/Mar/2026:22:27:52 +0100] "GET / HTTP/1.0" 200 15231 "-" "Dalvik/2.1.0 (Linux; U; Android 9.0; ZTE BA520 Build/MRA58K)"
74.7.230.0 - - [21/Mar/2026:22:29:17 +0100] "GET /robots.txt HTTP/1.0" 404 4387 "-" "Mozilla/5.0 (Macintosh; Intel Mac OS X 10_15_7) AppleWebKit/537.36 (KHTML, like Gecko) Chrome/131.0.0.0 Safari/537.36; compatible; OAI-SearchBot/1.3; robots.txt; +https://openai.com/searchbot"
221.178.143.70 - - [21/Mar/2026:22:30:21 +0100] "GET /favicon.ico HTTP/1.0" 404 4387 "-" "Dalvik/2.1.0 (Linux; U; Android 9.0; ZTE BA520 Build/MRA58K)"
216.73.216.179 - - [21/Mar/2026:22:31:57 +0100] "GET /robots.txt HTTP/1.0" 404 4387 "-" "Mozilla/5.0 AppleWebKit/537.36 (KHTML, like Gecko; compatible; ClaudeBot/1.0; +claudebot@anthropic.com)"
74.7.230.0 - - [21/Mar/2026:22:34:22 +0100] "GET /robots.txt HTTP/1.0" 404 4387 "-" "Mozilla/5.0 (Macintosh; Intel Mac OS X 10_15_7) AppleWebKit/537.36 (KHTML, like Gecko) Chrome/131.0.0.0 Safari/537.36; compatible; OAI-SearchBot/1.3; robots.txt; +https://openai.com/searchbot"
74.7.230.0 - - [21/Mar/2026:22:40:12 +0100] "GET /robots.txt HTTP/1.0" 404 4387 "-" "Mozilla/5.0 (Macintosh; Intel Mac OS X 10_15_7) AppleWebKit/537.36 (KHTML, like Gecko) Chrome/131.0.0.0 Safari/537.36; compatible; OAI-SearchBot/1.3; robots.txt; +https://openai.com/searchbot"
113.31.186.146 - - [21/Mar/2026:22:42:13 +0100] "GET / HTTP/1.0" 200 15231 "-" "Dalvik/2.1.0 (Linux; U; Android 9.0; ZTE BA520 Build/MRA58K)"
113.31.186.146 - - [21/Mar/2026:22:44:43 +0100] "GET / HTTP/1.0" 200 15231 "-" "Mozilla/5.0 (Windows; U; Windows NT 5.1; en-US; rv:1.4) Gecko/20030529"
74.7.230.0 - - [21/Mar/2026:22:45:52 +0100] "GET /robots.txt HTTP/1.0" 404 4387 "-" "Mozilla/5.0 (Macintosh; Intel Mac OS X 10_15_7) AppleWebKit/537.36 (KHTML, like Gecko) Chrome/131.0.0.0 Safari/537.36; compatible; OAI-SearchBot/1.3; robots.txt; +https://openai.com/searchbot"
183.134.59.133 - - [21/Mar/2026:22:50:22 +0100] "GET / HTTP/1.0" 200 15231 "-" "Mozilla/5.0 (Macintosh; Intel Mac OS X 10_11) AppleWebKit/601.1.27 (KHTML, like Gecko) Chrome/47.0.2526.106 Safari/601.1.27"
74.7.230.0 - - [21/Mar/2026:22:51:03 +0100] "GET /robots.txt HTTP/1.0" 404 4387 "-" "Mozilla/5.0 (Macintosh; Intel Mac OS X 10_15_7) AppleWebKit/537.36 (KHTML, like Gecko) Chrome/131.0.0.0 Safari/537.36; compatible; OAI-SearchBot/1.3; robots.txt; +https://openai.com/searchbot"
74.7.230.0 - - [21/Mar/2026:22:56:49 +0100] "GET /robots.txt HTTP/1.0" 404 4387 "-" "Mozilla/5.0 (Macintosh; Intel Mac OS X 10_15_7) AppleWebKit/537.36 (KHTML, like Gecko) Chrome/131.0.0.0 Safari/537.36; compatible; OAI-SearchBot/1.3; robots.txt; +https://openai.com/searchbot"
74.7.230.0 - - [21/Mar/2026:23:02:13 +0100] "GET /robots.txt HTTP/1.0" 404 4387 "-" "Mozilla/5.0 (Macintosh; Intel Mac OS X 10_15_7) AppleWebKit/537.36 (KHTML, like Gecko) Chrome/131.0.0.0 Safari/537.36; compatible; OAI-SearchBot/1.3; robots.txt; +https://openai.com/searchbot"
74.7.230.0 - - [21/Mar/2026:23:08:02 +0100] "GET /robots.txt HTTP/1.0" 404 4387 "-" "Mozilla/5.0 (Macintosh; Intel Mac OS X 10_15_7) AppleWebKit/537.36 (KHTML, like Gecko) Chrome/131.0.0.0 Safari/537.36; compatible; OAI-SearchBot/1.3; robots.txt; +https://openai.com/searchbot"
74.7.230.0 - - [21/Mar/2026:23:23:29 +0100] "GET /robots.txt HTTP/1.0" 404 4387 "-" "Mozilla/5.0 (Macintosh; Intel Mac OS X 10_15_7) AppleWebKit/537.36 (KHTML, like Gecko) Chrome/131.0.0.0 Safari/537.36; compatible; OAI-SearchBot/1.3; robots.txt; +https://openai.com/searchbot"
74.7.230.0 - - [21/Mar/2026:23:28:52 +0100] "GET /robots.txt HTTP/1.0" 404 4387 "-" "Mozilla/5.0 (Macintosh; Intel Mac OS X 10_15_7) AppleWebKit/537.36 (KHTML, like Gecko) Chrome/131.0.0.0 Safari/537.36; compatible; OAI-SearchBot/1.3; robots.txt; +https://openai.com/searchbot"
114.119.144.222 - - [21/Mar/2026:23:30:14 +0100] "GET /proyectos/app_subastas/images/lots/thumbnail/1700046147-2470b.jpg HTTP/1.0" 404 4387 "https://www.lahuertaatomica.es/proyectos/app_subastas/index.php?s=subasta&f2=1" "Mozilla/5.0 (Linux; Android 7.0;) AppleWebKit/537.36 (KHTML, like Gecko) Mobile Safari/537.36 (compatible; PetalBot;+https://webmaster.petalsearch.com/site/petalbot)"
74.7.230.0 - - [21/Mar/2026:23:34:12 +0100] "GET /robots.txt HTTP/1.0" 404 4387 "-" "Mozilla/5.0 (Macintosh; Intel Mac OS X 10_15_7) AppleWebKit/537.36 (KHTML, like Gecko) Chrome/131.0.0.0 Safari/537.36; compatible; OAI-SearchBot/1.3; robots.txt; +https://openai.com/searchbot"
74.7.230.0 - - [21/Mar/2026:23:39:32 +0100] "GET /robots.txt HTTP/1.0" 404 4387 "-" "Mozilla/5.0 (Macintosh; Intel Mac OS X 10_15_7) AppleWebKit/537.36 (KHTML, like Gecko) Chrome/131.0.0.0 Safari/537.36; compatible; OAI-SearchBot/1.3; robots.txt; +https://openai.com/searchbot"
74.7.230.0 - - [21/Mar/2026:23:46:30 +0100] "GET /robots.txt HTTP/1.0" 404 4387 "-" "Mozilla/5.0 (Macintosh; Intel Mac OS X 10_15_7) AppleWebKit/537.36 (KHTML, like Gecko) Chrome/131.0.0.0 Safari/537.36; compatible; OAI-SearchBot/1.3; robots.txt; +https://openai.com/searchbot"
104.210.140.139 - - [21/Mar/2026:23:47:17 +0100] "GET /robots.txt HTTP/1.0" 404 4387 "-" "Mozilla/5.0 (Macintosh; Intel Mac OS X 10_15_7) AppleWebKit/537.36 (KHTML, like Gecko) Chrome/131.0.0.0 Safari/537.36; compatible; OAI-SearchBot/1.0; +https://openai.com/searchbot"
104.210.140.139 - - [21/Mar/2026:23:47:17 +0100] "GET /robots.txt HTTP/1.0" 404 4387 "-" "Mozilla/5.0 (Macintosh; Intel Mac OS X 10_15_7) AppleWebKit/537.36 (KHTML, like Gecko) Chrome/131.0.0.0 Safari/537.36; compatible; OAI-SearchBot/1.0; +https://openai.com/searchbot"
114.119.133.67 - - [21/Mar/2026:23:51:11 +0100] "GET /proyectos/app_subastas/images/lots/thumbnail/1619103395-escanear20483.jpeg HTTP/1.0" 404 4387 "-" "Mozilla/5.0 (Linux; Android 7.0;) AppleWebKit/537.36 (KHTML, like Gecko) Mobile Safari/537.36 (compatible; PetalBot;+https://webmaster.petalsearch.com/site/petalbot)"
74.7.230.0 - - [21/Mar/2026:23:51:52 +0100] "GET /robots.txt HTTP/1.0" 404 4387 "-" "Mozilla/5.0 (Macintosh; Intel Mac OS X 10_15_7) AppleWebKit/537.36 (KHTML, like Gecko) Chrome/131.0.0.0 Safari/537.36; compatible; OAI-SearchBot/1.3; robots.txt; +https://openai.com/searchbot"
192.175.111.250 - - [21/Mar/2026:23:54:41 +0100] "GET / HTTP/1.0" 200 15231 "-" "Mozilla/5.0 (Windows NT 10.0; Win64; x64) AppleWebKit/537.36 (KHTML, like Gecko) Chrome/145.0.0.0 Safari/537.36"
74.7.230.0 - - [21/Mar/2026:23:56:53 +0100] "GET /robots.txt HTTP/1.0" 404 4387 "-" "Mozilla/5.0 (Macintosh; Intel Mac OS X 10_15_7) AppleWebKit/537.36 (KHTML, like Gecko) Chrome/131.0.0.0 Safari/537.36; compatible; OAI-SearchBot/1.3; robots.txt; +https://openai.com/searchbot"
216.73.216.179 - - [21/Mar/2026:23:57:01 +0100] "GET /robots.txt HTTP/1.0" 404 4387 "-" "Mozilla/5.0 AppleWebKit/537.36 (KHTML, like Gecko; compatible; ClaudeBot/1.0; +claudebot@anthropic.com)"
74.7.230.0 - - [22/Mar/2026:00:02:02 +0100] "GET /robots.txt HTTP/1.0" 404 4387 "-" "Mozilla/5.0 (Macintosh; Intel Mac OS X 10_15_7) AppleWebKit/537.36 (KHTML, like Gecko) Chrome/131.0.0.0 Safari/537.36; compatible; OAI-SearchBot/1.3; robots.txt; +https://openai.com/searchbot"
51.68.236.87 - - [22/Mar/2026:00:03:16 +0100] "GET /robots.txt HTTP/1.0" 404 4387 "-" "Mozilla/5.0 (compatible; MJ12bot/v2.0.5; http://mj12bot.com/)"
51.68.236.87 - - [22/Mar/2026:00:03:16 +0100] "GET / HTTP/1.0" 200 15231 "-" "Mozilla/5.0 (compatible; MJ12bot/v2.0.5; http://mj12bot.com/)"
43.166.251.233 - - [22/Mar/2026:00:05:26 +0100] "GET / HTTP/1.0" 200 15231 "http://www.lahuertaatomica.es" "Mozilla/5.0 (iPhone; CPU iPhone OS 13_2_3 like Mac OS X) AppleWebKit/605.1.15 (KHTML, like Gecko) Version/13.0.3 Mobile/15E148 Safari/604.1"
74.7.230.0 - - [22/Mar/2026:00:07:46 +0100] "GET /robots.txt HTTP/1.0" 404 4387 "-" "Mozilla/5.0 (Macintosh; Intel Mac OS X 10_15_7) AppleWebKit/537.36 (KHTML, like Gecko) Chrome/131.0.0.0 Safari/537.36; compatible; OAI-SearchBot/1.3; robots.txt; +https://openai.com/searchbot"
74.7.230.0 - - [22/Mar/2026:00:13:04 +0100] "GET /robots.txt HTTP/1.0" 404 4387 "-" "Mozilla/5.0 (Macintosh; Intel Mac OS X 10_15_7) AppleWebKit/537.36 (KHTML, like Gecko) Chrome/131.0.0.0 Safari/537.36; compatible; OAI-SearchBot/1.3; robots.txt; +https://openai.com/searchbot"
74.7.230.0 - - [22/Mar/2026:00:23:37 +0100] "GET /robots.txt HTTP/1.0" 404 4387 "-" "Mozilla/5.0 (Macintosh; Intel Mac OS X 10_15_7) AppleWebKit/537.36 (KHTML, like Gecko) Chrome/131.0.0.0 Safari/537.36; compatible; OAI-SearchBot/1.3; robots.txt; +https://openai.com/searchbot"
74.7.230.0 - - [22/Mar/2026:00:33:58 +0100] "GET /robots.txt HTTP/1.0" 404 4387 "-" "Mozilla/5.0 (Macintosh; Intel Mac OS X 10_15_7) AppleWebKit/537.36 (KHTML, like Gecko) Chrome/131.0.0.0 Safari/537.36; compatible; OAI-SearchBot/1.3; robots.txt; +https://openai.com/searchbot"
119.28.101.45 - - [22/Mar/2026:00:34:51 +0100] "GET /robots.txt HTTP/1.0" 404 4387 "-" "Mozilla/5.0 (X11; Linux x86_64) AppleWebKit/537.36 (KHTML, like Gecko) Chrome/123.0.0.0 Safari/537.36"
14.17.85.242 - - [22/Mar/2026:00:34:52 +0100] "GET /robots.txt HTTP/1.0" 404 4387 "-" "Mozilla/5.0 (X11; Linux x86_64) AppleWebKit/537.36 (KHTML, like Gecko) Chrome/123.0.0.0 Safari/537.36"
14.17.85.191 - - [22/Mar/2026:00:34:54 +0100] "GET /robots.txt HTTP/1.0" 404 4387 "-" "Mozilla/5.0 (X11; Linux x86_64) AppleWebKit/537.36 (KHTML, like Gecko) Chrome/123.0.0.0 Safari/537.36"
43.133.206.63 - - [22/Mar/2026:00:35:05 +0100] "GET /public/privacidad.html HTTP/1.0" 200 3572 "-" "Mozilla/5.0 (Windows NT 10.0; Win64; x64) AppleWebKit/537.36 (KHTML, like Gecko) Chrome/107.0.0.0 Safari/537.36"
181.20.154.128 - - [22/Mar/2026:00:35:08 +0100] "GET /public/privacidad.html HTTP/1.0" 200 3572 "-" "Mozilla/5.0 (Windows NT 10.0; Win64; x64) AppleWebKit/537.36 (KHTML, like Gecko) Chrome/116.0.0.0 Safari/537.36"
135.181.166.38 - - [22/Mar/2026:00:38:04 +0100] "GET /robots.txt HTTP/1.0" 404 4387 "-" "Mozilla/5.0 (compatible; SERankingBacklinksBot/1.0; +https://seranking.com/backlinks-crawler)"
135.181.166.38 - - [22/Mar/2026:00:38:08 +0100] "GET /public/privacidad.html HTTP/1.0" 200 3572 "-" "Mozilla/5.0 (compatible; SERankingBacklinksBot/1.0; +https://seranking.com/backlinks-crawler)"
135.181.166.38 - - [22/Mar/2026:00:38:11 +0100] "GET /robots.txt HTTP/1.0" 404 4387 "-" "Mozilla/5.0 (compatible; SERankingBacklinksBot/1.0; +https://seranking.com/backlinks-crawler)"
135.181.166.38 - - [22/Mar/2026:00:38:15 +0100] "GET /public/privacidad.html HTTP/1.0" 200 3572 "-" "Mozilla/5.0 (compatible; SERankingBacklinksBot/1.0; +https://seranking.com/backlinks-crawler)"
74.7.230.0 - - [22/Mar/2026:00:39:21 +0100] "GET /robots.txt HTTP/1.0" 404 4387 "-" "Mozilla/5.0 (Macintosh; Intel Mac OS X 10_15_7) AppleWebKit/537.36 (KHTML, like Gecko) Chrome/131.0.0.0 Safari/537.36; compatible; OAI-SearchBot/1.3; robots.txt; +https://openai.com/searchbot"
103.180.236.112 - - [22/Mar/2026:00:43:16 +0100] "GET /.env HTTP/1.0" 404 4387 "-" "-"
173.208.203.178 - - [22/Mar/2026:00:46:29 +0100] "GET / HTTP/1.0" 200 15231 "https://www.davidsbridal.com" "Mozilla/5.0 (Windows NT 10.0; Win64; x64) AppleWebKit/537.36 (KHTML, like Gecko) Chrome/91.0.4472.124 Safari/537.36 Edg/91.0.864.59"
74.7.230.0 - - [22/Mar/2026:00:46:42 +0100] "GET /robots.txt HTTP/1.0" 404 4387 "-" "Mozilla/5.0 (Macintosh; Intel Mac OS X 10_15_7) AppleWebKit/537.36 (KHTML, like Gecko) Chrome/131.0.0.0 Safari/537.36; compatible; OAI-SearchBot/1.3; robots.txt; +https://openai.com/searchbot"
104.210.140.133 - - [22/Mar/2026:00:51:31 +0100] "GET /robots.txt HTTP/1.0" 404 4387 "-" "Mozilla/5.0 (Macintosh; Intel Mac OS X 10_15_7) AppleWebKit/537.36 (KHTML, like Gecko) Chrome/131.0.0.0 Safari/537.36; compatible; OAI-SearchBot/1.0; +https://openai.com/searchbot"
104.210.140.133 - - [22/Mar/2026:00:51:31 +0100] "GET /robots.txt HTTP/1.0" 404 4387 "-" "Mozilla/5.0 (Macintosh; Intel Mac OS X 10_15_7) AppleWebKit/537.36 (KHTML, like Gecko) Chrome/131.0.0.0 Safari/537.36; compatible; OAI-SearchBot/1.0; +https://openai.com/searchbot"
74.7.230.0 - - [22/Mar/2026:00:52:16 +0100] "GET /robots.txt HTTP/1.0" 404 4387 "-" "Mozilla/5.0 (Macintosh; Intel Mac OS X 10_15_7) AppleWebKit/537.36 (KHTML, like Gecko) Chrome/131.0.0.0 Safari/537.36; compatible; OAI-SearchBot/1.3; robots.txt; +https://openai.com/searchbot"
74.7.230.0 - - [22/Mar/2026:00:57:33 +0100] "GET /robots.txt HTTP/1.0" 404 4387 "-" "Mozilla/5.0 (Macintosh; Intel Mac OS X 10_15_7) AppleWebKit/537.36 (KHTML, like Gecko) Chrome/131.0.0.0 Safari/537.36; compatible; OAI-SearchBot/1.3; robots.txt; +https://openai.com/searchbot"
74.7.230.0 - - [22/Mar/2026:01:02:38 +0100] "GET /robots.txt HTTP/1.0" 404 4387 "-" "Mozilla/5.0 (Macintosh; Intel Mac OS X 10_15_7) AppleWebKit/537.36 (KHTML, like Gecko) Chrome/131.0.0.0 Safari/537.36; compatible; OAI-SearchBot/1.3; robots.txt; +https://openai.com/searchbot"
43.166.244.66 - - [22/Mar/2026:01:03:03 +0100] "GET / HTTP/1.0" 200 15231 "http://lahuertaatomica.es" "Mozilla/5.0 (iPhone; CPU iPhone OS 13_2_3 like Mac OS X) AppleWebKit/605.1.15 (KHTML, like Gecko) Version/13.0.3 Mobile/15E148 Safari/604.1"
74.7.230.0 - - [22/Mar/2026:01:08:18 +0100] "GET /robots.txt HTTP/1.0" 404 4387 "-" "Mozilla/5.0 (Macintosh; Intel Mac OS X 10_15_7) AppleWebKit/537.36 (KHTML, like Gecko) Chrome/131.0.0.0 Safari/537.36; compatible; OAI-SearchBot/1.3; robots.txt; +https://openai.com/searchbot"
74.7.230.0 - - [22/Mar/2026:01:14:06 +0100] "GET /robots.txt HTTP/1.0" 404 4387 "-" "Mozilla/5.0 (Macintosh; Intel Mac OS X 10_15_7) AppleWebKit/537.36 (KHTML, like Gecko) Chrome/131.0.0.0 Safari/537.36; compatible; OAI-SearchBot/1.3; robots.txt; +https://openai.com/searchbot"
51.68.107.156 - - [22/Mar/2026:01:18:15 +0100] "GET /robots.txt HTTP/1.0" 404 4387 "-" "Mozilla/5.0 (compatible; MJ12bot/v2.0.5; http://mj12bot.com/)"
51.68.107.156 - - [22/Mar/2026:01:18:16 +0100] "GET / HTTP/1.0" 200 15231 "-" "Mozilla/5.0 (compatible; MJ12bot/v2.0.5; http://mj12bot.com/)"
74.7.230.0 - - [22/Mar/2026:01:21:27 +0100] "GET /robots.txt HTTP/1.0" 404 4387 "-" "Mozilla/5.0 (Macintosh; Intel Mac OS X 10_15_7) AppleWebKit/537.36 (KHTML, like Gecko) Chrome/131.0.0.0 Safari/537.36; compatible; OAI-SearchBot/1.3; robots.txt; +https://openai.com/searchbot"
74.7.230.0 - - [22/Mar/2026:01:29:57 +0100] "GET /robots.txt HTTP/1.0" 404 4387 "-" "Mozilla/5.0 (Macintosh; Intel Mac OS X 10_15_7) AppleWebKit/537.36 (KHTML, like Gecko) Chrome/131.0.0.0 Safari/537.36; compatible; OAI-SearchBot/1.3; robots.txt; +https://openai.com/searchbot"
216.73.216.179 - - [22/Mar/2026:01:30:51 +0100] "GET /robots.txt HTTP/1.0" 404 4387 "-" "Mozilla/5.0 AppleWebKit/537.36 (KHTML, like Gecko; compatible; ClaudeBot/1.0; +claudebot@anthropic.com)"
74.7.230.0 - - [22/Mar/2026:01:34:59 +0100] "GET /robots.txt HTTP/1.0" 404 4387 "-" "Mozilla/5.0 (Macintosh; Intel Mac OS X 10_15_7) AppleWebKit/537.36 (KHTML, like Gecko) Chrome/131.0.0.0 Safari/537.36; compatible; OAI-SearchBot/1.3; robots.txt; +https://openai.com/searchbot"
SAVE
CANCEL